e 10 - (6 + (2 - 13) + 9).
6
-8 - (-15 + -3 - -2)
8
What is 10 + -4 + -2 + 0?
4
What is the value of 5 - (6 + -1) - (-16 + 22)?
-6
0 - (-10 + (6 - -4))
0
What is (6 + -8 + -8 - -5) + 2?
-3
What is the value of 0 + (3 - 9) - -6?
0
-8 + (3 - 1 - -2)
-4
What is -1 - (-10 - (5 + -9))?
5
What is 4 + (4 - 4) - 5 - -2?
1
What is 10 - (-3 + 3) - (-1 + 3)?
8
What is -5 - ((-9 - -8) + -2)?
-2
What is the value of (3 - -1) + (6 - 10)?
0
Evaluate -3 - (-7 - -3) - -2.
3
(12 - -4 - 7 - 14) + -1
-6
Evaluate -1 + (3 - -4) + -3.
3
Evaluate (-4 - -7) + -7 + -1.
-5
Calculate (0 - 0 - 3) + 170 + -172.
-5
Evaluate 10 + -15 - (4 + -7 + -1).
-1
Calculate 1 + 8 - (22 - 3 - 11).
1
What is the value of -4 + (-3 - -7) - (2 - 5)?
3
What is -5 + (5 - -1) - 2?
-1
2 + -9 + 14 + -4
3
What is 2 - (9 + -4) - 0?
-3
Evaluate 34 - 30 - (-2 - 1) - 1.
6
Calculate 1 - -7 - (26 + (0 - 28)).
10
Calculate -2 - 0 - (19 + -2 + -13).
-6
(-1 - 1) + -29 + 30
-1
Evaluate -1 + -3 + 5 - (2 - 1).
0
What is -4 - (4 + -10) - (-7 + -1)?
10
What is 2 - (-1 + (-7 - -8))?
2
Evaluate 2 + -8 - -2 - -3.
-1
What is the value of (-3 - (7 - 6)) + 3?
-1
Evaluate -2 + 1 + 5 - 1 - 6.
-3
(0 - (-8 + 6)) + 0
2
Evaluate 0 + -2 - (11 - 11 - 6).
4
Calculate 1 + -10 + 18 + 0 + 1.
10
2 + (-3 - 0) + -2 + -2
-5
-15 + 16 - (0 - 0)
1
17 - 14 - (-4 + (-1 - -3))
5
Calculate -1 - -4 - (4 + 0).
-1
Evaluate 40 + -30 + (-2 - 2).
6
What is the value of 6 + -5 + -4 + (-1 - 0)?
-4
Evaluate -10 - -6 - (-2 - (3 + -1)).
0
-4 + 4 - -1 - -1
2
6 - (9 - (4 + -6))
-5
Evaluate 0 - (1 + 4 + 1).
-6
Evaluate (-8 - -11) + -7 + -1.
-5
What is the value of 9 + (1 - 16 - -8)?
2
What is the value of (-3 - 0) + -1 + 0 - 2?
-6
Calculate 5 + (-4 - 0) + -4 + 2.
-1
What is the value of -2 - (-1 + -2 - 3) - 3?
1
What is (3 - 0) + -1 - (-24 + 28)?
-2
Evaluate 2 - ((-4 - 1) + 7).
0
Calculate 0 + -2 + -3 - -4.
-1
What is the value of (0 + 3 - 1) + 0?
2
-4 - (-1 + 3 + -8)
2
-4 - (2 + (-3 - -4 - 2))
-5
What is -2 - (1 + -2 - (5 + -7))?
-3
3 + -12 + 8 + 9
8
What is the value of -4 + 5 + -2 + 3?
2
-2 + -1 + 3 - 3
-3
What is the value of 2 + -9 + (59 - 57)?
-5
What is -3 + 5 - -6 - 10?
-2
What is 106 + -103 - (0 + 5)?
-2
0 - 2 - (-9 + 6) - -6
7
Calculate 0 - (-3 - -2) - (1 + -8).
8
Evaluate 0 + -6 - (-7 - -2).
-1
What is 4 + -1 + -6 + 8 + -6?
-1
Evaluate -1 + -4 + 9 - (1 - -5).
-2
Calculate -2 + -3 + (8 - -1).
4
Calculate 4 + -5 + -9 + (6 - 0).
-4
What is the value of (0 + 2 - 0) + (6 - 4)?
4
What is the value of 4 - (-6 + (14 - 1))?
-3
3 - (-1 - ((4 - 0) + -3))
5
Evaluate -4 - (-15 - (-1 + -6)).
4
Calculate 8 + -5 + -5 - 1.
-3
Calculate (17 - (-5 - -8)) + -12.
2
2 - -1 - (10 - 6)
-1
Calculate -13 + (10 - -4) - (0 - -5).
-4
What is the value of -7 + 5 - 5 - (-1 + -1)?
-5
What is 4 + -5 + -1 + -3 + 4?
-1
Calculate 3 + 2 + -4 + 0 + 8.
9
What is the value of -6 + 9 + 1 + -5?
-1
2 + 2 + (-8 - (-3 - -2))
-3
(-13 - -7) + -1 - -13 - 7
-1
(-10 - -1) + 0 + 6
-3
What is the value of (3 + -5 - 0) + 2?
0
What is -6 + 6 + -2 - -6?
4
Evaluate -1 - (3 - (0 - 3) - 3).
-4
What is (6 - 9) + 0 - -3?
0
-2 + 7 - (-4 + 4 + 1)
4
Evaluate -5 - 5 - (1 + -6).
-5
6 - (18 - 4 - 6)
-2
What is the value of (-4 + -1 - -2) + 2?
-1
-5 + -2 + 5 - (0 + -1)
-1
Evaluate -7 + 0 - (-6 - -2) - 2.
-5
What is the value of -10 - (-4 + -10 - -15)?
-11
Calculate -9 - (4 + -5) - (-3 - -1).
-6
What is -2 + 12 + -7 + (1 - 1)?
3
Calculate -2 + 7 - (2 - -6 - 5).
2
What is the value of 15 - 5 - 25 - -10?
-5
Calculate -4 - -2 - -7 - 4 - -2.
3
Calculate (-9 - 0) + (-14 - (-6 + -13)).
-4
Calculate -2 + 3 + -11 - -15.
5
1 - (1 + 3 - 4)
1
Evaluate (0 - (4 + -6)) + -1 - 0.
1
Evaluate 1 + 1 + (10 - 17).
-5
Calculate (5 - 2) + 10 + -14.
-1
1 + (1 - 7) + -7 + 9
-3
Evaluate 4 + -6 + 3 + -3.
-2
Calculate -7 - (2 + -2 + -4).
-3
What is -3 + 5 - (-6 + (5 - -8))?
-5
(1 - 8) + -1 + 6
-2
7 + -6 + 1 + -1
1
(-13 - (-4 + 10 + -13)) + -3
-9
What is the value of 2 - ((-2 - (-6 + 1)) + -3)?
2
Evaluate -5 + -1 + 4 + -1.
-3
3 + (-1 - 0) + -9 + 7
0
Calculate -4 - -5 - (-1 + 1 - -2).
-1
Calculate 10 - 5 - (-8 + 15) - -13.
11
Evaluate 1 - (10 + -3) - -4.
-2
Evaluate 4 - ((1 + 3 - 1) + -1).
2
Calculate 8 - (2 - (-2 + 0 + 1)).
5
What is the value of 20 + -9 + -4 + -2?
5
Evaluate -4 - (-2 + (5 - (-2 - -5))).
-4
Calculate -5 + (5 - 8) - -5.
-3
-3 + (5 - 3) + 9
8
What is -3 - 0 - (235 - 235)?
-3
What is the value of -2 + (1 - (5 - 3)) + 6?
3
What is (0 - 2) + 1 + -4?
-5
5 - ((-10 - -1) + 20)
-6
-7 + (16 - (-11 - -3 - -11))
6
What is the value of 6 + (-17 - (8 + -16))?
-3
What is -3 + (-7 - -9) + -1 + -1?
-3
Evaluate -3 + 0 - (-2 - 7).
6
1 + 4 - (-2 + -1 - -5)
3
Evaluate 6 - 16 - (-8 + -1).
-1
(-3 - -3) + -3 + 3
0
Calculate -5 + 10 + -12 - -8.
1
2 + 3 + (4 - 7)
2
7 - ((-7 - 4) + 11)
7
1 + -4 - (-7 + 2)
2
Evaluate (4 - 12) + 4 + -1.
-5
(2 + -3 - -3) + -2 + 5
5
What is the value of (0 - (6 - 5 - 5)) + 3?
7
What is 4 - (1 + 8 - 2) - -7?
4
(1 - -13) + -31 + (1 - -6)
-10
What is (-10 - -2) + 143 + -129?
6
What is the value of -2 - (-10 - (-6 + 3))?
5
3 + (-3 - -2 - -1)
3
Evaluate 11 - (7 + (7 - (4 - -5))).
6
What is -26 + 16 + (1 - -3)?
-6
What is the value of -7 + 1 + 21 + -41 + 23?
-3
What is -2 + (-15 - -11) + 9?
3
What is the value of 0 + -16 - (-32 - -19)?
-3
-3 + 9 + -3 + 2 + -2
3
What is the value of 1 + 3 - (-4 + 13)?
-5
What is the value of -6 + 4 + 7 + -5 + 2?
2
Calculate (-11 + 7 - (0 + 1)) + -2.
-7
3 + (4 - (3 - -1))
3
What is 22 + -26 + -1 + 2?
-3
Evaluate -8 - ((0 - 0) + -2).
-6
-3 + (5 - -2) + -1
3
Calculate -7 + 11 + -1 - 1.
2
Calculate -7 + 0 + 79 + -68.
4
Calculate 2 - (1 - (9 - 7 - -1)).
4
What is (-21 - -21) + (-4 - -1) + 3?
0
What is the value of 1 + -2 + (2 - 5)?
-4
(-2 - 6) + 6 - (-3 - -1)
0
Evaluate 1 + 3 + 2 - 3.
3
What is the value of -6 + 6 + 3 + (-1 - -3)?
5
What is -1 + 2 - (3 + (3 - 0))?
-5
What is the value of 1 - ((0 - -6) + -1) - -6?
2
Evaluate 1 + -4 + 1 + (10 - 7).
1
0 + (-2 - 4) + 14
8
Evaluate -5 - (-3 - -6 - 10).
2
Evaluate 2 + (-6 - 1) - (6 + -6).
-5
What is (4 - 5) + 4 - -1?
4
Calculate (-1 + 3 - 9) + 0 - -4.
-3
Evaluate (31 - 24) + (-6 - 1).
0
Calculate 3 + (-8 - (-9 - -5)).
-1
Calculate 43 - 30 - (-1 - -8).
6
Evaluate 2 + -9 + 1 + 95 + -92.
-3
What is -3 - -2 - (1 - -1)?
-3
What is the value of -1 + 0 + (4 - -1 - 9)?
-5
What is the value of -6 - -2 - (3 - 4)?
-3
What is the value of (4 - (3 + -2)) + (-6 - -8)?
5
What is the value of -5 + -2 + (0 - (-1 + -1))?
-5
What is 8 - (-1 + 3 - -6)?
0
Evaluate -5 + (-4 - (-1 - 13)).
5
Evaluate -8 + 5 - -1 - -7.
5
Evaluate 3 + -1 + (13 + -13 - -3).
5
What is 1 + (-57 + 52 - (-1 + -11))?
8
What is 0 + (3 - 4 - 2) + 6?
3
Evaluate 9 - 17 - (0 + -5).
-3
(8 - 6 - 0) + 1
3
7 + (-8 - -9) - 7
1
(-10 - -9) + (-4 - 1) + 4
-2
What is 147 + -151 - (2 + -14)?
8
What is the value of 0 - (6 + (-6 - 1))?
1
Evaluate -2 - (-4 - -1) - (0 + -3).
4
What is the value of 5 + -8 + (-1 - 0) + 0?
-4
Calculate (27 - 7) + -9 - (2 + 5).
4
Evaluate 21 - 29 - (-3 + 0).
-5
-6 + (10 - (4 - 0)) + -4
-4
Calculate -45 - -39 - (-1 + 1 - 0).
-6
1 + -5 - (8 - 13)
1
What is -5 + 4 - -14 - 8?
5
What is -1 - (-4 - (3 + 3 + -9))?
0
-4 + 9 + -5 - (7 - 2)
-5
Evaluate (2 + -6 - -7 - 5) + 3.
1
Evaluate (0 - 6) + (-59 - -67).
2
What is 6 + -7 - (-1 + -1) - 0?
1
-26 - -17 - (-11 - -1)
1
5 + (4 - (-4 - -9))
4
What is (-5 - -11 - -2) + -15?
-7
Calculate -9 + 12 + 0 + (-3 - 1).
-1
0 - (1 - 6) - 6
-1
What is the value of 2 - (3 - 1 - (0 + 0))?
0
7 + -2 + (2 - 11)
-4
What is the value of -1 + 2 - (-9 + 12)?
-2
Calculate 3 - (3 + 1) - 4.
-5
Evaluate -11 - (-11 - 3) - (1 + -2).
4
1 + -1 - (-13 - -13 - 5)
5
Calculate 29 - (42 - 15) - (1 + -7).
8
What is (5 - 17) + 12 - 7?
-7
What is -33 - -36 - (-3 + 0)?
6
Evaluate -13 + 14 - (-2 + 1 - 1).
3
(5 - 9) + (0 - 1 - -3)
-2
What is -4 + 0 + (4 - 1 - -1)?
0
-66 + 71 + (-7 - 0 - 2)
-4
What is the value of (-3 - -2) + (-1 - (3 + 2))?
-7
What is the value of 1 + -7 + (-9 - -16)?
1
Evaluate -1 - (-21 - -17 - (0 + -4)).
-1
Evaluate -6 + 5 + (2 - 6) + 10.
5
Evaluate 6 + -2 + -1 + -2 + 10.
11
What is the value of (0 - -3) + (-30 - -33)?
6
Evaluate (4 - (5 - -3)) + (1 - 4).
-7
What is -15 + 21 + -2 + -7?
-3
-4 - (5 + -1 + -13)
5
What is (5 - 4) + 3 + -4 + 2?
2
Calculate (0 - -2) + -3 - -2.
1
Calculate -2 - (5 + (-4 - 0)).
-3
What is the value of -2 - (-3 - 1 - -1)?
1
Evaluate (-1 - -4